4*r + 7. Let g be y(p). Calculate the highest common divisor of 5 and g.
5
Let i = 12 + -7. Suppose 0 = 2*x - 23 - 491. Let u = x - 232. Calculate the greatest common factor of u and i.
5
Suppose 6*p - m = 3*p + 135, 2*m = 5*p - 225. Suppose -3*t - 3*o + 99 = 0, -19 = 3*t + o - 112. What is the greatest common divisor of p and t?
15
Suppose -4*f + 2 = -3*l, 2*l + 2*l - 4 = 2*f. Suppose z + 14 = f*z. Calculate the highest common factor of 98 and z.
14
Suppose 0 = 10*g + 143 + 27. Let d = g - -80. What is the greatest common factor of 14 and d?
7
Let t = 37 + -33. Let r = 9 - 6. Let f be r - (0 + -1 + -6). What is the highest common factor of f and t?
2
Suppose 0 = -3*q - 4*f + 204, 5*q - 2*f - 357 = -3*f. Let s be (-6)/4*(-12)/2. Let t be (-2)/(-9) - (-70)/s. What is the greatest common divisor of q and t?
8
Let b = -223 + 337. Suppose -2*w + 8*c = 4*c - 156, 151 = 2*w + c. What is the highest common divisor of b and w?
38
Let o be 9/(-9) - (-4)/1. Let p(x) = x**2 + 5. Let i be p(o). Let u be (24/i)/(4/14). What is the greatest common divisor of 66 and u?
6
Suppose 0*l - 4*l - 4 = 0. Let p = 6 - l. Let s be (2 - (-52)/16)/(3/16). What is the highest common factor of s and p?
7
Let y be -1 - -6 - (-26 + (-18)/2). Calculate the highest common factor of 125 and y.
5
Let g be 1575/(-100)*-2*(-4)/(-2). Calculate the highest common factor of g and 36.
9
Suppose -2*n + 318 = 5*y, 3*y = -2*n - 2*n + 188. Let j = -9 - -13. Suppose j*c + 80 = 9*c. What is the highest common divisor of c and y?
16
Let t(n) = -n**3 - 4*n**2 - 2*n + 6. Let m be t(-3). Let c be 3 - ((-129)/m - -4). What is the greatest common divisor of c and 336?
42
Suppose f - 97 = -80. Suppose 10*m + f = 117. Calculate the greatest common factor of 50 and m.
10
Let n(m) = -m**2 - 35*m + 362. Let a be n(-43). What is the greatest common factor of a and 6?
6
Let s(y) = y - 6. Let k be s(8). Suppose 0 = -f + k, f = -a - 0*a + 6. Let v = 5 - 3. What is the highest common divisor of v and a?
2
Suppose u + 2*q - 18 = 0, -3*u - 6*q + 62 = -8*q. What is the greatest common divisor of u and 1010?
10
Suppose -12*h + 464 = -10*h. What is the greatest common divisor of 174 and h?
58
Let y be (78/24)/((-10)/(-280)). Let o be (-14)/(-1 + -1 + 0). Calculate the greatest common divisor of y and o.
7
Suppose 3*y - 21 = -5*m, m - 5*m + 2 = -5*y. Let v = y + -1. Let w(o) = 5*o - 1. Let d be w(1). Calculate the highest common factor of v and d.
1
Let b = -29 + 634. What is the highest common divisor of 55 and b?
55
Suppose 2721 - 334 = 7*s. What is the highest common factor of 31 and s?
31
Let q(p) = -36*p - 336. Let m be q(-22). Calculate the greatest common factor of 48 and m.
24
Suppose -4*p + 2*n + 273 = -n, -159 = -2*p - 3*n. Calculate the highest common divisor of p and 162.
18
Let v(i) = i - 2. Let y be v(-8). Let k be (-1524)/30 + 2/y. Let d = -33 - k. What is the greatest common factor of d and 90?
18
Suppose -b = -s - 1319, -5*b - 2487 = s - 9088. What is the highest common divisor of 11 and b?
11
Let o(q) = 2*q**2 - 39*q - 653. Let y be o(31). Let l(p) = 2*p + 2. Let t be l(5). Calculate the highest common divisor of t and y.
12
Let p be 25 - ((-33)/(-7) - (-2)/7). Calculate the highest common factor of 60 and p.
20
Let k = 605 - 460. What is the highest common divisor of 29 and k?
29
Let z = -35 + -5. Let f = z - -42. Calculate the highest common factor of 20 and f.
2
Let c be 88*((-434)/28)/(-31). Suppose -5*j + 259 = 39. Calculate the greatest common factor of c and j.
44
Let c be 576/(-15) - (-4)/10. Let z = 46 + c. What is the highest common factor of 56 and z?
8
Suppose -10*z + 222 = -4*z. Let f = 46 - z. Suppose 0 = c + 2*b - 5, b + 0*b + 29 = 3*c. Calculate the highest common divisor of c and f.
9
Let o = 285 + -173. What is the greatest common divisor of o and 70?
14
Suppose 5*u - 2103 = -838. Calculate the greatest common factor of 11 and u.
11
Let x(p) = 2*p**3 - 49*p**2 + 113*p - 45. Let y be x(22). Calculate the greatest common divisor of 3633 and y.
21
Let b = 8 + 118. What is the greatest common factor of 14 and b?
14
Suppose 3*y + 239 + 65 = -p, -3*p - 872 = y. Let b = p - -473. What is the greatest common divisor of 23 and b?
23
Suppose 11*j - 408 = 527. What is the greatest common divisor of j and 35?
5
Let c(t) = -10*t + 68. Let y be c(6). Suppose -h + 176 = h. What is the highest common factor of y and h?
8
Let t = -2580 + 2755. Calculate the highest common factor of t and 275.
25
Let n be 10 - (-3)/(3 + -4). Suppose -103 + 26 = -n*y. Calculate the highest common divisor of y and 121.
11
Suppose 5*b + 39 = 2*j, -3*b + j = 7 + 17. Let w be b/(-3) + 4/2. What is the highest common divisor of 25 and w?
5
Let p = 73 + -3. What is the highest common divisor of 1190 and p?
70
Suppose -7*y - 1 = -22. Let k be -1 - ((-4 + -5)*y + 4). Calculate the highest common factor of 11 and k.
11
Let x(t) = t**2 + 6*t + 58. Let a be x(-10). What is the greatest common divisor of a and 28?
14
Suppose -7*l = 24*l - 372. What is the highest common divisor of 84 and l?
12
Let p(y) = -y**2 + 15*y + 10. Let m be p(13). What is the highest common factor of m and 4?
4
Suppose -19*q + 23*q = 188. Calculate the greatest common factor of q and 188.
47
Suppose -93 - 87 = 5*c. Let z be c/(-60) + 764/10. Calculate the greatest common factor of 7 and z.
7
Let y(s) be the second derivative of s**4/6 - s**3/3 + 10*s**2 + 31*s. Let a be y(7). Calculate the highest common divisor of a and 26.
26
Let r = -621 + 672. What is the greatest common factor of r and 24?
3
Suppose -4*v + 5*v = 1. Suppose 166*t = 169*t - 15. Calculate the highest common factor of v and t.
1
Let l be 3/(30/25)*6. Let w be -1 + (l/35 - (-246)/14). Suppose -3*p + 189 = -66. What is the greatest common divisor of w and p?
17
Let c(z) = z**3 + 16*z**2 + 19. Let v be c(-16). Let g = 1 + v. Calculate the greatest common factor of g and 10.
10
Suppose 769 - 32 = 11*k. Calculate the greatest common divisor of 1139 and k.
67
Let q be (84/20)/(1/5). Suppose -3*l = 5*c - 31, -3*c = -6*c - l + q. Let b be 3/(-2)*224/(-6). Calculate the highest common factor of b and c.
8
Let g(b) = 2*b**2 - 36*b + 153. Let a be g(13). Calculate the highest common factor of 92 and a.
23
Let c be 6/(-36) + 265/6. What is the highest common divisor of 572 and c?
44
Suppose 9*f + 4*b - 490 = 4*f, -2*f + 178 = -2*b. Calculate the highest common divisor of f and 141.
47
Let m be (-3)/(-3*((-12)/15 - -1)). Suppose 73 = m*u - c, 0*c = u + 4*c - 23. What is the greatest common divisor of 30 and u?
15
Let n be (-2 - (-7)/5)/(123/(-4920)). Calculate the highest common divisor of n and 168.
24
Let x = 6 - 5. Let z = x - -3. Let u be (-3000)/(-108) + 1*2/9. What is the highest common factor of z and u?
4
Let t = -1706 - -2395. What is the greatest common divisor of 106 and t?
53
Let q(f) = -f**2 + 43*f + 184. Let x be q(40). Let t be ((-86)/(-10) + -1)*5. What is the greatest common factor of x and t?
38
Suppose 6*h = -2*h + 24. Let r(x) = -4*x + 2. Let z be r(-4). Let a be (z/(-10))/((-6)/30). What is the greatest common divisor of a and h?
3
Let f be (-1)/2 + 28/8 - -137. Suppose 2*d - j = -0*j + 28, -5*d - j + 56 = 0. Let o be 243/d - 1/4. What is the greatest common factor of o and f?
20
Let b be ((-7728)/345)/((-4)/10). What is the greatest common factor of b and 20?
4
Suppose 2*k + 0*k = 16. Let s be 1*2*(-1 + 21). What is the greatest common divisor of s and k?
8
Let l = 515 - 78. What is the highest common factor of 57 and l?
19
Suppose -4*r = -2 - 18. Suppose -3*l - 2*l - 3 = -2*v, r*v = 2*l + 18. Calculate the greatest common factor of l and 3.
1
Let d be -5 - ((-580)/40)/((-1)/(-2)). What is the highest common factor of d and 114?
6
Let r be (2 - 0)*(9 + -7). Suppose 2*o - 7 = -g, r*o - 33 = 3*g - 14. What is the highest common factor of 6 and o?
2
Let t = -3 + 8. Let u = t + -2. Let g = -98 - -107. What is the greatest common factor of u and g?
3
Let w(q) = q**2 + 29*q + 144. Let g be w(-25). What is the highest common divisor of 484 and g?
44
Let r be (3*5/30)/((-4)/(-240)). Calculate the highest common factor of r and 270.
30
Suppose -3*j + 55 = -8*j. Let r be (j + 2)/(1*(-2)/66). Calculate the highest common divisor of r and 27.
27
Suppose 2*h - h = 40. Let w be (6